 to base 11
-270810
Convert -222223441 (base 5) to base 10.
-976746
-32313201 (base 5) to base 2
-1000011011001010011
-1006623 (base 11) to base 12
-71a322
What is 150111023 (base 6) in base 2?
1011110010000011010111
Convert -13782 (base 14) to base 6.
-1010502
23010213 (base 5) to base 4
301300200
111112120200 (base 3) to base 8
1010414
Convert 100000111212100 (base 3) to base 13.
cba852
What is -455100 (base 8) in base 4?
-211221000
What is -4123025 (base 7) in base 10?
-493253
What is 4735806 (base 9) in base 8?
11616021
What is -1000010000011100001 (base 2) in base 11?
-175305
What is 240200323 (base 7) in base 16?
e2b550
What is -15546337 (base 9) in base 5?
-3442010224
1213172 (base 8) to base 4
1101121322
What is -3144524 (base 7) in base 6?
-12055505
Convert 202212122120 (base 3) to base 15.
81b36
40564155 (base 7) to base 3
20101102210110
11641060 (base 7) to base 9
1873084
What is -1215331 (base 7) in base 14?
-40988
1141433 (base 6) to base 2
1110101001011101
102325141 (base 7) to base 11
3467889
What is 10011011001100111010100 (base 2) in base 5?
2300220102
-14452422 (base 7) to base 9
-2524126
What is 25a0a (base 15) in base 14?
31c2d
11112110230 (base 4) to base 8
5262454
What is 3267a46 (base 12) in base 2?
100100100110001100010110
What is 10323053 (base 9) in base 10?
4975473
-34560620 (base 7) to base 3
-12201110001122
-13a683 (base 11) to base 5
-24002401
-100111200221 (base 3) to base 16
-2daff
What is -572d36 (base 14) in base 11?
-174653a
a4a61 (base 15) to base 8
1773553
Convert -18e4d (base 16) to base 8.
-307115
Convert 7606a9 (base 11) to base 15.
19049d
-740a91 (base 12) to base 16
-1bde0d
Convert 5324b (base 13) to base 10.
149797
Convert -100829 (base 10) to base 2.
-11000100111011101
What is 11646 (base 7) in base 14?
1196
What is 92b18 (base 13) in base 8?
1002233
Convert 28bb97 (base 12) to base 10.
684259
What is 49465 (base 15) in base 12?
b3412
What is -134034110 (base 5) in base 12?
-293301
Convert 4117562 (base 8) to base 12.
44652a
What is 26434 (base 12) in base 10?
52456
What is -15265756 (base 8) in base 10?
-3501038
What is -4c859 (base 13) in base 8?
-425322
Convert 221111121012220 (base 3) to base 6.
1202300423
-3b570 (base 13) to base 16
-1b0c2
1072610 (base 8) to base 12
121148
Convert 1242324 (base 7) to base 6.
3244410
What is -259855 (base 12) in base 2?
-10010110111010000001
Convert 11110001001111000101 (base 2) to base 8.
3611705
1b969 (base 14) to base 8
211471
-41102020 (base 5) to base 7
-2550334
511207 (base 11) to base 13
229ba6
What is 310421540 (base 6) in base 13?
11555c7
Convert 11030230302 (base 4) to base 16.
14cb32
11aa91 (base 11) to base 13
68815
101011010111011010 (base 2) to base 13
62b07
What is 1531211 (base 6) in base 15?
1b8b4
Convert 202441230 (base 5) to base 2.
11001010000100101010
What is -110100011011000101 (base 2) in base 11?
-137365
1504361 (base 8) to base 16
688f1
-70260c (base 13) to base 9
-4808586
What is 1652625 (base 8) in base 13?
13aa1c
Convert 25a8b2 (base 12) to base 15.
c3a25
52540131 (base 6) to base 4
11313101113
327322 (base 13) to base 5
300440130
What is -111000101011001100 (base 2) in base 12?
-b2410
What is -11011001010 (base 2) in base 9?
-2341
What is 21269 (base 15) in base 16?
19ad6
Convert -702064 (base 12) to base 6.
-101224204
What is -5e846 (base 15) in base 8?
-1116241
Convert 11000111110111000100 (base 2) to base 14.
174496
What is 1662025 (base 9) in base 4?
3202031312
What is 1111210001011 (base 3) in base 2?
11000011111101100100
Convert -485896 (base 11) to base 16.
-bbc24
Convert -294104 (base 10) to base 11.
-190a68
What is 45243 (base 10) in base 2?
1011000010111011
What is -430004231 (base 5) in base 10?
-1797441
9778 (base 12) to base 4
10010030
22200020202000 (base 3) to base 7
54122244
What is 223320 (base 4) in base 6?
21000
Convert 101211121101 (base 3) to base 4.
310010332
Convert 276381 (base 11) to base 12.
18a717
222564233 (base 7) to base 16
ce2cf1
Convert -d6094 (base 14) to base 3.
-222012211012
What is 223001 (base 10) in base 11?
1425a9
-46d04 (base 14) to base 13
-607a1
What is -112513 (base 10) in base 11?
-77595
Convert 1aba68 (base 12) to base 5.
110223340
Convert 353141 (base 13) to base 2.
100110100011110001001
What is -414330130 (base 5) in base 6?
-100425035
285599c (base 13) to base 6
1133523522
Convert 141044313 (base 6) to base 8.
12702525
What is -110120001122 (base 3) in base 8?
-742607
What is 39511 (base 11) in base 5?
3302034
What is -537517 (base 8) in base 4?
-223331033
-322430422 (base 5) to base 2
-101001111011010100110
Convert 3aa0b8 (base 12) to base 10.
971276
-28668 (base 12) to base 10
-56240
-1862719 (base 11) to base 14
-5c0640
What is 31200133220 (base 4) in base 10?
3540968
Convert -14c5b09 (base 14) to base 2.
-100110101111111010001101
What is -5444543 (base 6) in base 8?
-1020457
What is -1545152 (base 8) in base 9?
-747422
-4082603 (base 9) to base 7
-24350160
Convert -2110112222211 (base 3) to base 4.
-10333310320
Convert 210190 (base 12) to base 11.
324742
What is 101010010100 (base 2) in base 10?
2708
-32a6a (base 12) to base 5
-4122221
What is 13515351 (base 7) in base 3?
2101021000100
10120100212 (base 3) to base 4
101021222
-150a7a (base 11) to base 15
-49bd8
Convert 2457176 (base 8) to base 9.
1245145
-146312 (base 8) to base 12
-2640a
Convert -76077654 (base 8) to base 2.
-111110000111111110101100
Convert 49b83 (base 15) to base 3.
102222000020
-198665 (base 10) to base 9
-332458
What is 6e7c5 (base 16) in base 15?
8e14e
What is -41025164 (base 7) in base 3?
-20102200012122
-3b2363 (base 12) to base 10
-978555
What is 12636162 (base 7) in base 16?
11d68d
Convert -111000110011110111110 (base 2) to base 14.
-3665b0
What is -10000000100010110000 (base 2) in base 7?
-4322010
What is 7dfe (base 16) in base 6?
405154
112212201202 (base 3) to base 7
2326553
What is 46415235 (base 8) in base 14?
14ac749
What is 146713 (base 10) in base 12?
70aa1
What is 56632d (base 15) in base 14?
794077
21343300 (base 7) to base 8
6756220
What is 100000000101000000110 (base 2) in base 9?
1871805
What is -8c8217 (base 15) in base 10?
-6709972
What is -38c79 (base 16) in base 3?
-102211000200
4260131 (base 11) to base 16
72629b
818257 (base 11) to base 16
140cd1
-4426120 (base 8) to base 16
-122c50
Convert -1023232400 (base 5) to base 13.
-5aa404
What is -8829064 (base 11) in base 8?
-73105623
Convert -2401e9 (base 16) to base 8.
-11000751
51993 (base 10) to base 9
78280
-2131322414 (base 5) to base 11
-2633429
What is 12544404 (base 8) in base 16?
2ac904
Convert 46ed98 (base 15) to base 11.
1a07154
54390 (base 15) to base 16
414ab
Convert -6598105 (base 11) to base 12.
-3a638b8
What is -112678 (base 10) in base 6?
-2225354
Convert -160544 (base 7) to base 16.
-7b02
Convert -5adb6 (base 14) to base 11.
-141a66
What is 2a703 (base 16) in base 8?
523403
Convert 84d3b (base 14) to base 10.
320905
Convert 1f9cbf (base 16) to base 11.
1195593
Convert b469e (base 15) to base 13.
1703b4
-110110010010111011 (base 2) to base 15
-45d65
What is 440112204 (base 5) in base 10?
1879054
Convert -5021010 (base 7) to base 14.
-116377
-9421 (base 13) to base 9
-31071
Convert 54431312 (base 7) to base 15.
621a7b
-40cb1 (base 16) to base 4
-1000302301
-51460224 (base 7) to base 4
-100131332322
Convert -212010220000 (base 3) to base 5.
-104034134
Convert -111010000011000101100 (base 2) to base 3.
-10120122020001
What is -137903 (base 10) in base 9?
-230145
Convert -312020323232 (base 4) to base 15.
-13a522b
-14112516 (base 7) to base 2
-101000000110111110011
-101100011100001101 (base 2) to base 4
-230130031
What is -20455 (base 8) in base 7?
-33522
What is -144a9d (base 15) in base 10?
-977773
176010a (base 11) to base 13
8076c2
Convert 4343600 (base 7) to base 4.
2001313220
What is -103154 (base 12) in base 5?
-31113344
Convert 233391 (base 11) to base 5.
43323411
Convert 1821446 (base 10) to base 9.
3375488
What is 355335403 (base 6) in base 3?
110121102000110
Convert -445699 (base 15) to base 8.
-14334001
Convert 11212214 (base 5) to base 14.
28ad8
What is -221122110110 (base 3) in base 9?
-848413
-3c878 (base 16) to base 6
-5151452
-3002221131 (base 5) to base 10
-5898291
455549a (base 11) to base 13
1861741
30b70 